 the greatest common factor of q and 65?
13
Let j(r) = -r**3 - 3*r**2 + 5*r - 1. Let t be j(-5). Let w = -14 + t. Calculate the highest common divisor of w and 30.
10
Let a be ((-112)/(-6))/(1/3). Let c = -36 + 43. What is the greatest common factor of c and a?
7
Let m be 57 - (1 - -1 - -1). Suppose -u - u = -5*v - m, v = -5*u + 81. What is the greatest common factor of 68 and u?
17
Suppose -3*x + 175 - 9 = -4*z, 2*z = -8. What is the highest common factor of x and 10?
10
Let b(p) = p**3 + 6*p**2 + 5*p + 1. Let l be b(-5). Let y = l - -6. Suppose 6*r = r + 70. What is the highest common divisor of y and r?
7
Suppose 3*g - 3*l + l - 25 = 0, g = 4*l - 5. Let b be 175 + -2 + 2 + 0. Suppose -56 - b = -3*y. Calculate the highest common factor of g and y.
11
Suppose 2 = u + 3. Let n(d) = 13*d**2 + d. Let m be n(u). Calculate the highest common divisor of m and 30.
6
Let z(h) = 5*h**2 - 2*h + 4. Let f be z(-3). Calculate the greatest common divisor of f and 33.
11
Let v = -31 + 43. Let a = v + -10. Suppose -3*d = -5*w + 345, 0 = a*w - w + 3*d - 87. What is the greatest common divisor of w and 8?
8
Suppose -16*m = -12*m - 160. Calculate the greatest common divisor of 4 and m.
4
Let n(x) = -8*x**2 + x + 2. Let h(l) = -l**3 - 7*l**2 - 6*l + 3. Let u be h(-6). Let y be n(u). Let q = 112 + y. What is the highest common divisor of q and 18?
9
Suppose -2*x - 5*h + 12 = -3*h, -2*h = -5*x + 37. Calculate the greatest common factor of x and 1.
1
Suppose j + 0*j = 30. Calculate the highest common divisor of 20 and j.
10
Let j = 328 + -168. Suppose 2 = i - 1. Suppose 3*w + i*g - 54 = -0*w, -w + 10 = -3*g. What is the highest common divisor of j and w?
16
Suppose -x + 4*x = 3. Let j(z) = -18*z**2 - 2*z + 1. Let r be j(x). Let y = 35 + r. Calculate the highest common factor of 2 and y.
2
Suppose 5 = -w + 2*m + 36, -3*w = -3*m - 96. Suppose 5*l = -n + 5, l + 3*n = -0*l + 15. Let h be 2/(4/6) + l. What is the greatest common divisor of h and w?
3
Let a(c) = c**2 - 9*c - 5. Let k = -17 - -27. Let u be a(k). Suppose 0*j - 2*j = 3*q - 58, -3*q - 152 = -4*j. Calculate the highest common factor of u and j.
5
Let v be (-34)/(-9) - (-2)/9. Let d be (-2)/4 - (-27)/(-6). Let y(k) = -k**3 - 6*k**2 - 6*k + 3. Let f be y(d). Calculate the greatest common factor of v and f.
4
Suppose 5*y = 4*c - 802, c + 4*y - 192 = y. Let n = -8 + 10. Let z(q) = 5*q**2 + 2. Let f be z(n). Calculate the greatest common divisor of c and f.
22
Let c(d) = d**3 - 21*d**2 + 42*d + 18. Let z be c(19). What is the highest common factor of z and 47?
47
Let d be 2/((-1)/(-1 + -21)). Calculate the highest common factor of d and 4.
4
Let j be 2/4 + (-582)/(-4). Let x be (-4)/(-10) + j/10. Let t(f) = -f**3 + 24*f**2 - 22*f - 17. Let u be t(23). Calculate the greatest common factor of u and x.
3
Suppose 6*n - 9*n + 69 = 0. Calculate the greatest common divisor of n and 46.
23
Suppose j + 5 = 2*j. Let i be 48/j - 8/(-20). Suppose -5*d = 3*s - 435, -2*s + s = -5*d + 455. What is the greatest common factor of d and i?
10
Suppose -l + 3*y = 11, 5*l + 3 = 2*l - y. Let d be l - (23 - 1)/2. Let g = d - -53. What is the greatest common factor of g and 5?
5
Let a(d) = 2*d**2 + 10*d + 4. Let u be a(-7). What is the highest common factor of u and 4?
4
Let z(k) = -k**3 - 11*k**2 - k + 6. Let x be z(-11). Let m be (6/15)/(1/295). Let a = m - -18. Calculate the greatest common factor of x and a.
17
Suppose 3*w + 58 = -2*n, w - n - 4 + 25 = 0. Let r = w - -36. Calculate the greatest common divisor of 2 and r.
2
Suppose 0 = -5*m + 2*n + 55, -3*m + 23 = -m - n. Let b(f) = -f**3 - f**2 + 4*f + 3. Let i be b(-3). Calculate the highest common divisor of i and m.
9
Suppose 0*i = -2*i - 22. Let s = i - -19. Let n be (8/2)/((-3)/(-66)). Calculate the highest common divisor of n and s.
8
Suppose -3*z + 0*g + 6 = -3*g, 3*g - 4 = z. Suppose 6 = -z*r + 16. What is the highest common factor of r and 2?
2
Let s(m) = -m**2 + 9*m - 8. Let k be s(7). Let w(y) = -9*y + 4 - 5 - 2*y**2 + k*y**2. Let v be w(7). Calculate the highest common factor of v and 12.
12
Suppose -3*t + 320 = t. What is the greatest common factor of 10 and t?
10
Let c(z) be the third derivative of 0*z + 0*z**3 - 1/20*z**6 - z**2 + 0 + 1/24*z**4 + 1/30*z**5. Let y be c(-1). What is the highest common divisor of 35 and y?
7
Let q = -108 + 188. Let z = 0 + 10. What is the highest common factor of q and z?
10
Suppose 0 = 2*q - 4*i + 3*i - 44, -4*q = -3*i - 88. Let l = 44 - 22. Calculate the highest common divisor of q and l.
22
Let f = 19 + -13. Let c(q) = -q**2 + 8*q - 3. Let r be c(f). What is the highest common divisor of r and 18?
9
Suppose -3*d = 4 + 5. Let k be (d - -12) + (2 - 3). Suppose 32 = 4*t - 0*t. What is the highest common factor of t and k?
8
Suppose 2*o = -2 + 10. What is the greatest common divisor of o and 2?
2
Let j(w) = -w**3 - 5*w - 5. Let n be j(-2). What is the greatest common divisor of 39 and n?
13
Suppose 2*b + 3*f - f = 6, b - f = 9. Suppose 0 = 4*g + g + 10. Let v(s) = -5*s - 1. Let w be v(g). What is the highest common factor of w and b?
3
Let h(d) = 137*d - 7. Let b be h(1). Calculate the greatest common factor of 20 and b.
10
Let q = -46 + 91. Calculate the highest common divisor of 27 and q.
9
Suppose -3*u = 2*x - 37, -3*x + 3*u - 5*u + 53 = 0. Calculate the greatest common divisor of x and 153.
17
Let w be 34/4 - 1/2. Let m(i) = -i**3 + 4*i**2 - 5. Let v be m(4). Let h be (-397)/(-5) - 3/v. Calculate the greatest common factor of h and w.
8
Let a = -76 - -148. Calculate the highest common divisor of a and 18.
18
Let r = -717 + 1037. What is the greatest common divisor of r and 40?
40
Suppose q - 57 = -2*q. Let h = -7 + 6. Let p be (h + 0)/(1/(-19)). What is the highest common divisor of q and p?
19
Suppose 2 = -2*r - 2*c + 8, 0 = -5*r - c + 7. Let a(i) = -i**3 + 4*i**2 + 6*i - 1. Let p be a(5). What is the greatest common divisor of p and r?
1
Suppose -n - 5 = -3. Let y be -4 - n - -3 - -63. Suppose 3*s + s - y = 0. What is the highest common factor of 80 and s?
16
Let b = -9 - -17. Suppose -6 = 5*m - 21. Suppose m*g - 144 = -48. Calculate the greatest common factor of b and g.
8
Let r be (-146)/(-4) + (-2)/4. Suppose 0*s - r = -2*s. Let d = -59 + 104. Calculate the highest common divisor of s and d.
9
Suppose 4*b - 12 = -4*k, -4*k + b = -31 - 6. Calculate the greatest common divisor of 24 and k.
8
Suppose 0 = -l + 19 + 56. Calculate the highest common factor of l and 30.
15
Let o = 22 + -15. Let z(h) = h**3 - 6*h**2 + 6*h. Let m be z(o). Suppose -s + 32 = -2*x + 11, s + 3 = -4*x. Calculate the highest common factor of s and m.
13
Suppose 4*o + 5*k = 166, -6*k = 4*o - 5*k - 174. Calculate the greatest common divisor of 396 and o.
44
Let k = 2 + 1. Suppose 4*x - 15 = -3. Suppose 3*v = 2*f, -20 = -4*v + x*f - 7*f. What is the greatest common divisor of v and k?
1
Let a(m) be the third derivative of -m**4/24 + 7*m**3/6 - m**2. Let g be a(6). Suppose 3*n = 33 - 9. What is the greatest common divisor of n and g?
1
Suppose 4*j + 6 = -3*f, -4*f + 0*j + 5 = j. Let x(a) = -a**3 + 21*a**2 + 21*a + 38. Let l be x(22). What is the greatest common factor of f and l?
2
Suppose 0 = 3*p + 3*v - 33, 0 = 3*p + v - 12 - 17. Suppose 12 = 3*o - 15. Calculate the highest common divisor of p and o.
9
Suppose -3*f = -2*m - 508, 6*f + m - 511 = 3*f. Calculate the greatest common divisor of f and 68.
34
Let y = 8 - 35. Let s = 56 + y. Let x be (s - 0) + (-1 - 0). What is the greatest common factor of 14 and x?
14
Let k be 3/(45/6)*5. Let w(j) = 4*j**k + 10*j - 2*j**2 + 8 + 4. Let y be w(-8). What is the greatest common divisor of 15 and y?
15
Suppose -2*y = -3*v + 245, -v + 0*y + 85 = -4*y. Calculate the highest common divisor of 54 and v.
27
Let c be 296/3 + (-4)/6. Suppose -2*h + 2*d - 64 = -7*h, 3*h - d - 45 = 0. What is the highest common divisor of c and h?
14
Suppose -3*s + 5*x + 183 = 0, -2*s - s = -x - 195. What is the highest common divisor of s and 6?
6
Let g be ((-3)/2)/((-9)/18). What is the greatest common divisor of g and 6?
3
Let v = -28 + 55. Let s = v - 15. Calculate the greatest common divisor of 132 and s.
12
Let m(r) be the first derivative of -r**3/3 - 8*r**2 + 22*r + 4. Let g be m(-16). What is the greatest common factor of g and 22?
22
Le